 272 - 285. Let j = y - q. What is the remainder when 49 is divided by j?
15
Suppose -h = -3*u + 31, 4*u + 40 = 8*u - h. Suppose 2*d = 4*d + 4*m - 74, 3*d + m - 101 = 0. Calculate the remainder when d is divided by u.
6
Suppose -2*f + 3*p + 27 = 0, 5*f - 3*f = 5*p + 33. Let m(h) = -3*h - 9. Let n be m(-4). Suppose 0*b + 75 = n*b. Calculate the remainder when b is divided by f.
7
Suppose 445 = 7*t - 59. Suppose 5*n = d + 122, 3*n + 3*d - 66 = 6*d. Calculate the remainder when t is divided by n.
22
What is the remainder when (-69)/21 + 3 + 8202/42 is divided by 69?
57
Let o(l) = 13*l - 35. Calculate the remainder when o(5) is divided by 10.
0
Suppose -104*x + 189*x = 2210. Suppose -2*f = 2*f. Suppose f*n - 3*n + 27 = 0. What is the remainder when x is divided by n?
8
Suppose 7*t - 175 - 91 = 0. What is the remainder when 417 is divided by t?
37
Suppose -h + 3*s - 1 = 0, -24 = -4*h - 3*s + s. Let a(j) = -j**2 - 5*j - 6. Let u be a(-8). What is the remainder when (-5)/10 + u/(-4) is divided by h?
2
Suppose 379 + 97 = 34*k. Calculate the remainder when 935 is divided by k.
11
Suppose -4*p = -j + 30, -3*p = 3*j - 5*j + 45. Let g(q) = 68*q**2 + q. What is the remainder when g(1) is divided by j?
15
Let j(b) = -b**3 - 6*b**2 - 6*b - 1. Let c be j(-4). Calculate the remainder when ((-186)/c)/((-6)/(-9)) is divided by 1/(2/(-68)*-2).
14
Let h = 662 + -656. What is the remainder when h is divided by 12/10*5/2?
0
Let i(r) be the first derivative of r**3/3 + 5*r**2 + 25*r - 25. What is the remainder when 17 is divided by i(-8)?
8
Let g(m) = 40*m - 78. Let b be g(6). Suppose -6*r + b = 3*r. What is the remainder when r is divided by 10?
8
Let z(q) = -q**3 + 7*q**2 + 5*q - 1. Let c = -98 - -107. What is the remainder when z(7) is divided by c?
7
Let s = 527 - 427. What is the remainder when s is divided by 17?
15
Let u(m) = m - 10. Let n be u(9). Let z be (-2)/n*(-15)/(-10). Suppose 224 = 4*s - z*h, -2*s - 5*h + 57 + 81 = 0. What is the remainder when s is divided by 15?
14
Let o = -6 - -10. Let d = o + 4. Let w = d + -5. What is the remainder when 10 is divided by w?
1
Let d(r) = 9*r - 3. Let i(y) = -4*y + 1. Let h(b) = -2*d(b) - 5*i(b). What is the remainder when ((-8)/(-6))/((-2)/(-39)) is divided by h(3)?
5
Let z(q) = 2*q - 7. Let c be z(6). Suppose 0 = -3*v + r + 160, c*v + r = -3*r + 295. Suppose -9 = 2*u - 37. Calculate the remainder when v is divided by u.
13
Suppose -5*l + 19*l - 714 = 0. Calculate the remainder when 145 is divided by l.
43
Let h = -122 - -165. Suppose -2*u - 2*u = -60. Calculate the remainder when h is divided by u.
13
Let b(u) = 3*u - 6. Let d(v) = -v + 18. Let o be d(9). What is the remainder when 145 is divided by b(o)?
19
Let o be (-3)/(240/82 + -3). Let f = o - 18. Calculate the remainder when 90 is divided by f.
21
Suppose -4*y - 5*z = -194, 5*y - 4*y + 4*z - 54 = 0. Calculate the remainder when y is divided by 24*1*-14*21/(-441).
14
Let r(c) = -c**3 + 5*c**2 + c - 16. Let o be r(5). What is the remainder when 152 is divided by o/((-264)/1264) - 4/6?
48
Suppose 207*p - 211*p + 148 = 0. Suppose 2*l - 2 = 292. What is the remainder when l is divided by p?
36
Suppose t = 4*t. Suppose 4*i + i + 55 = 3*c, t = -5*i - 10. Suppose -34*q = -9*q - 1450. Calculate the remainder when q is divided by c.
13
Let p(a) = -2*a**2 + 37*a - 9. Calculate the remainder when p(15) is divided by 22.
8
Suppose -158*q - 1608 = -164*q. Calculate the remainder when q is divided by 5.
3
Suppose -4*u + 283 = 3*o, o - 91 = 34*u - 32*u. What is the remainder when o is divided by 14?
9
Let y(a) be the first derivative of -a**2/2 + a - 2. Let w be y(-7). Calculate the remainder when 27 is divided by 4/w - 29/(-2).
12
Suppose 0 = -4*d + 130 - 46. Let l be (2/(-2))/((-3)/213). Suppose -c + l = 11. Calculate the remainder when c is divided by d.
18
Let c(a) = a**3 + 23*a**2 + a + 70. Calculate the remainder when 205 is divided by c(-23).
17
Suppose -49 = -2*b - b - 4*o, -2*b + 29 = -o. What is the remainder when 26 + (-1 + -2 - -4) is divided by b/(-2)*(-16)/12?
7
Let q = -131 - -142. Calculate the remainder when q/3*(0 + -2)*-3 is divided by (-35)/(-3) + 3/9.
10
Let j(x) = x**2 + 7*x + 11. Suppose 0 = 2*o - i + 12 + 5, -4*i = 4*o + 4. What is the remainder when j(-9) is divided by (9 - 3)*(-10)/o?
9
Suppose -4*l + 2 = -2*g, 3*l + 5*g + 5 = 4*l. Suppose 4*b + 10 = -d, -2*d + 5*b - 6 + 38 = l. What is the remainder when 28 is divided by d?
4
Suppose -7*t + 179 = -73. Calculate the remainder when t is divided by (76/8)/((-1)/(-2)).
17
Suppose -108*x + 12 = -104*x. What is the remainder when 11 is divided by x?
2
Let h = -262 - -335. Calculate the remainder when h is divided by 25.
23
Let k(b) = 4*b**2 + b - 1. What is the remainder when 5 is divided by k(-1)?
1
Suppose 2*l + d - 199 = 0, -323 + 7 = -3*l - 5*d. Suppose -l = -z + 96. What is the remainder when z is divided by 14?
11
Let p be (12/(-7))/((-8)/28). Calculate the remainder when (-2)/3 + 4/p + 76 is divided by 13.
11
Suppose 0*b + 5*b - 4*w - 478 = 0, -2*b + 4*w + 184 = 0. Let m = b - 35. Suppose m + 30 = 3*z. What is the remainder when z is divided by 16?
15
Suppose -2*t + 21 = 7. Suppose -110 = -t*i - 4*i. What is the remainder when 86 is divided by i?
6
Let s = -286 - -354. Calculate the remainder when s is divided by 36.
32
Let s = 38 - 23. Let x(i) = 9*i**3 + i**2 - 2*i + 2. Let l be x(1). Let m = s - l. What is the remainder when 19 is divided by m?
4
Suppose -6*u - 4*u = -1490. Calculate the remainder when u is divided by 15.
14
Suppose 4*m - 2*m - 130 = 0. Suppose 2*g = 140 + 30. Suppose 5*f + g = 10*f. Calculate the remainder when m is divided by f.
14
Let f = 2112 - 1848. What is the remainder when f is divided by 14?
12
Let z = -69 - -177. Suppose a + 3*a - z = 0. Calculate the remainder when a is divided by 9.
0
Let n(f) = -f**2 - 5*f + 93. Suppose -2*t + 15 = -t. Calculate the remainder when n(-11) is divided by t.
12
Calculate the remainder when 129 is divided by 1/(-3)*-2*585/30.
12
Let w(f) = 3*f**3 + 5*f**2 + 28*f - 36. What is the remainder when w(8) is divided by 93?
91
Let w(p) = -p**2 + 27*p + 33. Let y be w(28). Suppose -5*h + 174 = -3*m - 317, -4*h + 398 = -y*m. What is the remainder when h is divided by 25?
22
Suppose -117 + 87 = -3*s. Calculate the remainder when 47 is divided by s.
7
Suppose 10*k = 559 - 129. Calculate the remainder when 169 is divided by k.
40
Let t be 1 - 1/(-2)*-4. Let h = 1 + t. Let p = h - -11. Calculate the remainder when 42 is divided by p.
9
Let a be (-3)/(-9) - (-969)/9. Suppose -g - 2*g + a = 0. Let k = 79 - g. Calculate the remainder when k is divided by 15.
13
Let l(u) = u**3 - 8*u**2 + 6*u + 8. Let d be l(7). Let t = d - -2. Let q(f) = -f**2 + 4*f - 3. Calculate the remainder when t is divided by q(2).
0
Calculate the remainder when 377 is divided by (-6 + 7 + 137)/((-6)/(-6)).
101
Let z = 326 + -139. Calculate the remainder when z is divided by 102.
85
Suppose -5655 = -8*z + 7481. Calculate the remainder when z is divided by 53.
52
Let f(n) = 6*n - n**3 + 8*n**2 - 2 + 8 + 4*n. Let r(g) = g**3 + 5*g**2 - g + 4. Let l be r(-5). Calculate the remainder when f(l) is divided by 4.
3
Suppose 0 = u - 3, 4*f - 5*u = 8*f + 17. Let b be 5/(25/6)*70/(-21). Calculate the remainder when 46 is divided by (f - 10)/(6/b).
10
Let v = -148 - -162. Calculate the remainder when 47 is divided by v.
5
Suppose 6*c - 4*r = 3*c + 25, -5*r = 5. What is the remainder when 35 is divided by c?
0
Suppose 0 = c - 3*c + 40. Suppose 0 = -4*x - x - c. Let t = x - -7. Calculate the remainder when t is divided by 1.
0
Suppose -3*f + 424 = -2*b, 5*b + 245 = 2*f - 23. Suppose 2 + f = 2*g. What is the remainder when g is divided by 19?
16
Suppose -22*t + 585 = -9*t. Calculate the remainder when 134 is divided by t.
44
Let u = 27 - 12. Suppose -236 = -148*l + 2417 + 5487. What is the remainder when l is divided by u?
10
Let a = 994 + -651. Suppose 73 - a = -10*z. Calculate the remainder when z is divided by 6.
3
Let o(a) = -11*a**3 - 4*a**2 - 7*a - 7. What is the remainder when o(-2) is divided by (4 + -5)*20/(-1)?
19
Suppose 0 = -2*w - k + 132, 3*w + 0*k + 3*k - 195 = 0. Suppose 5*l - w = 18. What is the remainder when 1/((-2235)/750 - -3) is divided by l?
16
Let o(j) = -2*j - 2*j 